n 32 is divided by t(f).
10
Suppose -l - 7 = -2*l. Suppose 3*s - 10 = w + 1, 3*s = 5*w + 7. Calculate the remainder when l is divided by s.
3
Suppose -2*i + 6 = -4*f, -4*f + 7 = -4*i - 1. Let o be (2 - i/(-3))*-6. Let j = o + 12. Calculate the remainder when 41 is divided by j.
13
Let r be (12/5)/(10/(-175)). Suppose 5*b - 44 = 6. Calculate the remainder when ((-12)/9)/(2/r) is divided by b.
8
Let l = -98 - -122. Calculate the remainder when 93 is divided by l.
21
Let a(k) be the second derivative of -4*k**3/3 - 7*k**2/2 - 5*k. Calculate the remainder when a(-6) is divided by 21.
20
Let a be ((-4)/(-10))/((-8)/440). Let x = 25 + a. Calculate the remainder when x is divided by 2.
1
Suppose -5*m + 28 = -17. Let q = 691 + -676. What is the remainder when q is divided by m?
6
Let h be (-31)/4 - (-1)/(-4). Let l(j) = j**3 + 9*j**2 + 6*j + 1. Calculate the remainder when l(h) is divided by 6.
5
Let p(y) = 16*y + 10. Let o be p(-4). Let x = -29 - o. What is the remainder when x is divided by 7?
4
Let a = -5 - -14. Let d = a - -4. Suppose 5*k + 2*h = -h + 41, -5*k + h = -33. Calculate the remainder when d is divided by k.
6
Let d(r) = r**3 + 2*r**2 - 2*r + 1. Suppose 3*z - 1 - 2 = 0. Calculate the remainder when 7 is divided by d(z).
1
Let j = -6 - -52. Calculate the remainder when j is divided by 16.
14
Let q be (10/8)/((-1)/(-204)). Suppose 0 = 6*w - w - q. Let u(p) = 12*p**2 + p. Calculate the remainder when w is divided by u(1).
12
Suppose -2*q + 16 = 2*q. Suppose 44 = -0*m + q*m. Calculate the remainder when m is divided by 3.
2
Suppose -g - g - 2*j = -72, 104 = 4*g - 4*j. Suppose -10 = 3*p - g. Calculate the remainder when 19 is divided by p.
5
Let o(c) be the third derivative of -2*c**5/15 - c**4/24 + c**3/3 + 2*c**2. Let n be o(-2). What is the remainder when 35 is divided by -4 + 2 + n/(-2)?
11
Suppose -92 = -q - 0*q. What is the remainder when q is divided by 19?
16
Let b(w) = -w**3 - 6*w**2 - w + 2. Calculate the remainder when 2/(-6) + 80/6 is divided by b(-6).
5
Suppose 1226 = 18*j - 142. What is the remainder when j is divided by 31?
14
Suppose 2*f - 3*x - x - 132 = 0, -2*f = 5*x - 141. Suppose f = 2*r - 24. Suppose 82 - 2 = 5*s. What is the remainder when r is divided by s?
14
Let f(q) = 3*q**3 - 3*q**2 + 4*q - 4. Calculate the remainder when f(2) is divided by 4.
0
Let s(o) = 12*o + 5. Let r be s(6). Suppose 4*x - 23 = r. Let y = x - 16. What is the remainder when 25 is divided by y?
7
What is the remainder when 46 is divided by (-6 - -4)/(1/(-8))?
14
Suppose -60 - 40 = -5*g. Let v(f) = f**3 + 5*f**2 + 4*f + 3. Let c be v(-4). Suppose -i - 22 = -c*i. Calculate the remainder when g is divided by i.
9
Suppose 0*s = -4*u - 4*s, -4*u + s + 20 = 0. Suppose -x - 4*r = 2*x - 6, -7 = -u*x - 5*r. Calculate the remainder when (11*6)/3 + x is divided by 11.
9
Let s = -2 + 11. Calculate the remainder when 34 is divided by s.
7
Suppose 0 = -2*i + 23 - 7. What is the remainder when ((-11)/33 - (-137)/(-3))/(-2) is divided by i?
7
Let v(h) = -h**3 - 11*h**2 + h + 13. Calculate the remainder when v(-11) is divided by 2.
0
Let l(g) = 11*g - 3. Calculate the remainder when 37 is divided by l(2).
18
What is the remainder when -2 - 91/(-42) - (-455)/6 is divided by 26?
24
Let p = 456 + -1485. Let f be (0 - -2) + -3 - p. What is the remainder when f/28 - (-2)/7 is divided by 13?
11
Let a(w) = -w**3 + 3*w**2 + 2*w + 2. Let t be 2 + (-10)/((-4)/(-2)). What is the remainder when a(t) is divided by 13?
11
Let n = 20 - 3. Calculate the remainder when n is divided by 6.
5
Suppose 0 = 5*z - 10, 4*z - 134 = -3*x + 3*z. Suppose -3*b - q + 34 = 0, 0 = -3*b - 0*q + q + x. Calculate the remainder when 36 is divided by b.
10
Suppose 0 = -2*i - 2*y + 164, -3*i + 324 - 78 = -3*y. Calculate the remainder when i is divided by 14.
12
Let i be (-47)/(-4) - 5/(-20). What is the remainder when 10 is divided by (i*-1)/(-3 + 1)?
4
Let t = 69 + -65. What is the remainder when 10 is divided by t?
2
Let q be -3*(-1 + (-15)/(-9)). What is the remainder when 14 is divided by (5/q)/(2/(-4))?
4
Let r(d) = d**2 + 14*d + 27. What is the remainder when 12 is divided by r(-12)?
0
Suppose 35 = -5*k + 10*k. Suppose -5*i + 38 = -3*i. Calculate the remainder when i is divided by k.
5
Suppose -g = 2 - 4. Suppose -2*d - 3*f = 10, -5*f - 20 = 5*d - 5. Calculate the remainder when g is divided by d.
0
Suppose -4*j - 2 = -3*k, 9 = 2*j + 3*k + 1. Let y = 8 - 7. What is the remainder when j is divided by y?
0
Let g be ((-8)/10)/((-1)/50). Suppose 13*v - 15*v = -g. What is the remainder when 38 is divided by v?
18
Let l = 20 - 6. Calculate the remainder when l is divided by 8.
6
Let g = 3 + -1. Suppose -g*z = u - 9, 3*u - 2*u - 2*z = 1. Suppose 2*s = -2*s + 36. What is the remainder when s is divided by u?
4
Let l(b) = b**3 + 7*b**2 + 5*b - 3. Let t = -6 + 0. Let h be l(t). Suppose 4*y = -5*d - 5 + 4, -5*d + 3 = h*y. What is the remainder when 4 is divided by d?
1
Let l be 2 - (1 - 0 - -1). Suppose r = -l*r. Suppose -4*n + c = -0*c - 7, -4*n - 3*c + 27 = r. What is the remainder when 7 is divided by n?
1
Suppose -2*c - 3*y = y - 126, 0 = -y + 4. What is the remainder when c is divided by 25 + 15/5 + 0?
27
Suppose 0 = 4*i + 5*w + 6, 2*i - 10 = -0*i + 4*w. Let n(j) = 23*j**3 + j**2 - j. What is the remainder when n(i) is divided by 6?
5
Suppose -5*x + 26 = i + 98, 0 = i + 2*x + 87. Calculate the remainder when ((-44)/(-110))/(4/190) is divided by i/(-9) + (-4)/(-18).
8
Let u = 18 + -7. Suppose b + 5 = 3*f, -3*f - 3*b + 20 = -1. Suppose -56 = -f*c + 4. What is the remainder when c is divided by u?
9
Let s(m) = -1. Let z(u) = u + 11. Let w(x) = 2*s(x) + z(x). Calculate the remainder when w(-7) is divided by ((-60)/25)/6*(-5)/2.
0
Suppose -2*k - 4 = -4*k. Suppose -4*n = -k*n - 2. Let o = 0 - -2. Calculate the remainder when o is divided by n.
0
Suppose 3*o = 3 + 3. Suppose x - 5*x + 6 = -2*b, -x = 2*b - 4. Suppose 5*c = 3*c + x. What is the remainder when o is divided by c?
0
Let k(u) = u**2 - 13*u - 8. Let q be k(-11). Suppose -4*o = -2*h - 3*h - q, -o - 2*h + 51 = 0. Calculate the remainder when o is divided by 20.
19
Let o = 40 - 15. Calculate the remainder when 97 is divided by o.
22
Calculate the remainder when ((-6)/12)/((-1)/22) is divided by 7.
4
Let b = -22 + 37. Let g(t) = -3*t**2 + 48*t + 29. What is the remainder when g(16) is divided by b?
14
Calculate the remainder when 86 is divided by 201/7 - (-12)/42.
28
Let j = -1 + 55. Calculate the remainder when j is divided by 29.
25
Let o(g) = 2*g**2 - 4 - 4*g - 3*g**2 - 4*g. What is the remainder when o(-7) is divided by 1?
0
Let k(o) = o**3 + 22*o**2 + 22*o + 42. Calculate the remainder when k(-21) is divided by 4.
1
Let b(j) = j**3 - 9*j**2 + 7*j + 4. Let s be b(8). Let a be s*(1 - 6/4). Suppose -2*f = -3*x + 20, a = -f - 2. Calculate the remainder when 14 is divided by x.
2
Let g(b) = -5*b - 3. Let k be g(-5). Let x = 36 - k. What is the remainder when x is divided by 4?
2
Suppose 4*l + 5*c - 581 = 0, 24 - 4 = 4*c. Calculate the remainder when l is divided by 14.
13
Let g(y) = 3*y - 4*y + y**2 - 6 + 5. Let x be g(2). What is the remainder when 1*(20*x - 2) is divided by 10?
8
Let z be 2/(-6) - 548/12. Let v = -23 - z. Let n = v - 15. Calculate the remainder when 23 is divided by n.
7
Let j be 4*(45/(-6))/(-3). Let h = 14 - j. Calculate the remainder when 11 is divided by h.
3
Suppose -5*f + 5*i + 100 = 0, 0*i + i - 130 = -5*f. What is the remainder when f is divided by 9?
7
Let b(p) = -p**2 - 6*p + 4. Calculate the remainder when 51 is divided by b(-3).
12
Let i(r) = -r**3 + 5*r**2 + 8*r - 1. Let x = -9 + 15. What is the remainder when 42 is divided by i(x)?
9
Suppose -r - 3*d = -34, 3*r - r - 3*d = 23. What is the remainder when 74 is divided by r?
17
Suppose 3*s + 2*s - 20 = 5*u, 3*s = 5*u + 20. Let q(l) = 5*l - 3. Calculate the remainder when q(2) is divided by (-3)/(-12) - 11/u.
1
Suppose -7 = -t + 15. What is the remainder when 87 is divided by t?
21
Let w be 4/(-20) + (-34)/5. Let o(f) = -f**3 - 8*f**2 - 7*f - 10. Let g be o(w). Calculate the remainder when 35 is divided by (-2)/5 + (-184)/g.
17
Suppose -2*k = 6 + 6. Let i = k + 10. What is the remainder when 11 is divided by i?
3
Suppose 0 = 2*a - 4. Let p be (-9)/(-4) - 4/16. Suppose